 Let k be r(-3). Calculate the greatest common divisor of 12179 and k.
19
Let j(k) = k**2 + 11*k - 11. Let h be j(-13). Let z be h/(-5) + 6 + (0 - -29). What is the highest common factor of z and 2?
2
Let o(d) = -5*d**3 + 2*d**2 + 13*d - 50. Let k be o(-8). Calculate the greatest common divisor of 7 and k.
7
Let x = 127 + -57. Let b(j) = 4*j + 120. Let n be b(-4). Let d = n - x. Calculate the highest common factor of d and 17.
17
Suppose -8*h + 32 = -0*h. Suppose 3*p + 2*c = -1086, h*p = -c - c - 1446. Let u be p/(-28)*28/4. What is the greatest common divisor of 36 and u?
18
Suppose 13*q - 181248 + 27886 = 127880. What is the highest common factor of q and 58?
58
Let y(h) be the third derivative of h**5/30 - 2*h**4/3 + 13*h**3/6 - 8*h**2. Let p be y(8). What is the greatest common divisor of p and 1?
1
Let p = 571 + -356. Suppose -s + 5*h + p = 0, 8*s + 2*h - 1048 = 3*s. Let l = -145 + s. Calculate the highest common factor of l and 13.
13
Let i be 126/(-28)*-6*1. Let x = 30 - i. What is the highest common factor of x and 27?
3
Suppose 0 = 5*t - 4*r - 98, -4*r = 4*t - r - 66. Let x = -21 - 23. Let f = 50 + x. What is the greatest common factor of f and t?
6
Suppose 16*a - 278 = -38. Calculate the highest common factor of a and 45.
15
Suppose -3*u - 2436 = -5*t, -t + 5*u - 57 + 531 = 0. Let l = -469 + t. Calculate the greatest common factor of l and 10.
10
Let b(l) = -3*l**3 + 12. Let a be b(0). Let j = -399 - -756. Suppose -a*v + j = 129. What is the highest common divisor of v and 57?
19
Let a be 0 - -9 - (14 - (-18473)/(-13)). What is the greatest common divisor of a and 531?
177
Suppose -9*v - 942 - 543 = 0. Let x = v + 184. What is the highest common divisor of x and 2?
1
Suppose -244*v - 14 = -502. What is the greatest common factor of 446 and v?
2
Let y(b) = 60*b + 5. Let w be y(0). Suppose -5*j + 2*p + 565 = 5*p, 141 = j - w*p. What is the highest common divisor of j and 8?
4
Suppose -575 = -5*u + 4*y - 9*y, -3*y = 4*u - 455. Let t = u + 76. Calculate the greatest common divisor of 62 and t.
62
Let x(k) = 23*k**2 - 118*k + 32. Let q be x(8). Calculate the greatest common factor of 256 and q.
16
Suppose -3*p - 49 = -25. Let j be (6/(-4))/(4/p) + 69. Calculate the highest common factor of 48 and j.
24
Let f be 128/352 - 556/(-44). What is the highest common factor of 871 and f?
13
Suppose 4*t + w + 250 = 0, -2*t + 5*w - 81 = 55. Let b = t - -121. Suppose 71 + b = 3*h. What is the greatest common divisor of 86 and h?
43
Let z(w) = 2*w**2 + 9*w - 44. Let r(q) = -q**2 - 3. Let k(o) = -2*r(o) + z(o). Let b be k(6). What is the highest common divisor of b and 256?
32
Suppose 157*t = -102*t + 17832 + 32673. What is the greatest common factor of t and 156?
39
Let v(x) be the third derivative of x**5/60 + 19*x**4/24 - 11*x**3/6 + 75*x**2 + x. Let y be v(7). Calculate the highest common factor of y and 19.
19
Let z(t) = -253*t + 4292. Let u be z(0). What is the highest common factor of 58 and u?
58
Let m(y) = -4*y + 8*y**2 + 0*y + 16 - 17 - 3*y. Let p be m(3). Let w be 4/10 - 4361/(-35). Calculate the greatest common divisor of p and w.
25
Let v(d) = -2*d**3 - 11*d**2 - 49*d - 4. Let a be v(-9). Calculate the highest common divisor of 8 and a.
4
Let v(n) = 175*n - 79. Let a be v(1). What is the greatest common factor of 368 and a?
16
Suppose -110 = 2*j - 10. Let d be (660/j)/(3/(-10)). Suppose 0 = 4*q - 5*q + 11. Calculate the highest common factor of d and q.
11
Let w be (2 + 0)/(3 + -2). Let x be 7 + -42 - w/(-1). Let r = -27 - x. Calculate the highest common divisor of 3 and r.
3
Let p(m) = -m**3 + 11*m**2 + 15*m + 2. Let d be p(11). Let v(t) = 173 - 3*t - 298 + d. Let j be v(13). Calculate the highest common factor of 51 and j.
3
Let g be (-8)/(-2) - (-41)/(451/396). Let n = g + -32. Calculate the highest common factor of 268 and n.
4
Suppose 3270 = -77*q + 124*q + 262. What is the highest common divisor of q and 112?
16
Let f(z) = -z**3 - 31*z - 78*z**2 + 14 + 52*z**2 + 6*z. Let k be f(-25). What is the highest common divisor of 224 and k?
14
Let f = -3064 - -3084. Calculate the greatest common factor of f and 508.
4
Let r = -9283 - -9287. Calculate the greatest common factor of 1684 and r.
4
Suppose -3*i = -5*v + 8, 3*v - 28 = -5*i + v. Let r = 8 - i. Suppose 5*m + 70 + 54 = r*z, 0 = 5*z + m - 184. What is the greatest common divisor of z and 90?
18
Suppose 0 = -9*r - 3*r - 1080. Let h be r/35 + 6 + (-6)/14. Calculate the greatest common factor of h and 24.
3
Let q = -57 - -67. Let l = q + -63. Let o = 56 + l. Calculate the highest common divisor of o and 24.
3
Suppose -14 = -2*l - 4*a + 52, -2*l = 2*a - 70. Suppose 0 = -10*n + l*n - 1377. Calculate the greatest common divisor of n and 1377.
51
Let q(g) = 72*g - 888. Let d be q(21). What is the highest common factor of 384 and d?
48
Let c = -202 - -256. Let j = 52 - 25. Let p be (j/(-6))/((-4)/8). What is the greatest common divisor of p and c?
9
Suppose -2*a - 4*k = 4 - 0, -3*k - 5 = a. Suppose -10 = -a*w + 6. Let u be 167 - (w + (4/4 - 3)). What is the greatest common divisor of 33 and u?
33
Let i(o) = -o**2 + 14*o + 7. Let w(j) = -2*j**2 - 11*j - 1. Let g be w(-2). Let m be i(g). What is the greatest common divisor of 100 and m?
20
Let x(m) = m**3 - 37*m**2 - 79*m + 47. Let b be 6/(-33) + (-862)/(-22). Let p be x(b). What is the greatest common factor of p and 152?
8
Suppose 47*o - 1136 = 4504. Calculate the highest common divisor of 610 and o.
10
Let i = -52 + 55. Suppose -i*z = -522 + 144. What is the greatest common divisor of 14 and z?
14
Suppose 140 = -0*h + 4*h. Let o(c) = c**2 - 35*c + 238. Let b be o(7). What is the greatest common divisor of b and h?
7
Suppose 0*q + 2*q = -48. Let x(p) = -p - 21. Let v be x(q). Suppose -5*m + 283 = -3*z, v*z = -4*m + 295 - 47. Calculate the highest common factor of 649 and m.
59
Let k be 2/11 - (-24010)/77. Suppose 715*a - k = 709*a. What is the highest common divisor of 117 and a?
13
Let o be 46/4 - (-3)/6. Let j(t) be the third derivative of -t**4/3 - 41*t**3/3 - t**2 - 19*t. Let n be j(-14). What is the highest common factor of o and n?
6
Let o(z) = -156*z - 1085. Let i be o(-7). Calculate the greatest common factor of i and 5761.
7
Suppose 0 = -5*c - 37*a + 33*a + 278, 5*a - 135 = -2*c. Suppose -r = -76 - 374. What is the greatest common divisor of c and r?
50
Let v be (-1 - -2) + 127 - 2. Let q(k) = -2*k**3 - 31*k**2 + 16*k + 84. Let i be q(-16). Calculate the greatest common factor of i and v.
42
Let b be 2813/(-873) - (-2)/9 - -40. Calculate the highest common divisor of 2220 and b.
37
Suppose p - h = 2531, 5*p - 268*h = -270*h + 12676. What is the greatest common factor of 14 and p?
14
Suppose 156343 - 12823 = 104*v. What is the greatest common factor of v and 540?
60
Let z(q) be the third derivative of 71*q**5/60 + 11*q**4/24 - 2*q**3/3 - 63*q**2. Let t be z(-2). Calculate the greatest common factor of 43 and t.
43
Suppose -20*g + 15406 = -2634. Calculate the greatest common factor of 66 and g.
22
Suppose 13*z + 3 = g + 10*z, -3*g - 3*z + 45 = 0. What is the greatest common divisor of g and 67?
1
Suppose -60 = 10*y - 16*y. Suppose 1194 = y*m + 154. What is the greatest common factor of 8 and m?
8
Suppose 8*a = a + 315. Let k be ((-600)/a)/(2/(-3)). Calculate the greatest common factor of k and 80.
20
Suppose -3*j - 13*f + 12*f + 7 = 0, -3*j - 5*f = 13. Let l be ((-34)/3)/(4/(-12)). Calculate the greatest common divisor of j and l.
2
Let c = -4 + 7. Let n = 17 - c. Suppose -4*g = 3*i - 184, -i = 3*g - 148 + 80. Calculate the greatest common divisor of i and n.
14
Let x be (-1)/4 - 181/(-4). Suppose 3*t + 3*p = 2*t + 252, -4*t + 9*p + 819 = 0. Calculate the highest common divisor of t and x.
45
Let x = 230 + -232. Let y be (-3)/(1/(28/(-12) - x)). Calculate the greatest common divisor of 3 and y.
1
Let m = 199 + -184. Let s be (-2 - -3) + m/15. What is the greatest common divisor of 26 and s?
2
Let i = -57123 + 57214. Suppose 243 = 2*k - 43. What is the greatest common divisor of k and i?
13
Let o(j) = -6*j**3 + 85*j**2 - 11*j + 5. Let a be o(14). What is the greatest common divisor of a and 517?
47
Suppose 379287 = 134*v - 143333 - 1780036. What is the highest common factor of v and 64?
32
Suppose 5*x + o + 142 + 1018 = 0, -5*o + 89